git of q?
1
Let k be 2*1*(-17)/(-2). Suppose 4*a - 5*f + 1 + 1 = 0, -3*a - 4*f - k = 0. What is the units digit of 2 + a + 2 + 1?
2
Suppose -5*v - 5*h + 125 = 0, -5*v - 3*h + 2*h = -117. What is the tens digit of v?
2
What is the tens digit of (1118/(-65))/((-2)/10)?
8
Suppose 5*p - 134 = 3*p. What is the units digit of p?
7
Suppose -f = -2 - 0. Suppose 0 = 3*h - 5 + f. What is the units digit of -3 + 18/(1/h)?
5
Suppose m = -2 + 6. Suppose 2*n + 84 = m*n. Suppose 58 = 5*j - n. What is the units digit of j?
0
Suppose -136 = -4*l + 2*l. Suppose -2*p + 59 = 4*d - 5*p, -2*p = 5*d - l. Suppose -d = 2*m - 4*m + 3*g, 22 = 2*m - 5*g. What is the units digit of m?
1
Suppose -5*b - 2*d = -32, 3*d - 18 = -3*b - 6. Suppose 12 = 4*q - b. What is the units digit of q?
5
Suppose b + 31 = 4*v, -3*b + 2 = 11. Suppose -g = x + x - v, -5*x - 4*g + 10 = 0. What is the units digit of x?
6
Let a(y) = -24*y - 11. What is the tens digit of a(-4)?
8
Suppose 0 = -0*b - 2*b + 14. What is the units digit of b?
7
Suppose 7*m - 240 = 3*m. What is the units digit of m?
0
Suppose 2*d = -5*h - 15, 0 = 3*d - d + 3*h + 13. Let n be 2/d + (-15)/25. What is the units digit of n/(-2)*(1 + 1)?
1
Let q = 6 - 2. Suppose d - q = -0*d + a, 2*a = -5*d + 6. What is the units digit of d?
2
What is the hundreds digit of 51*(-3 - 20/(-15))*-3?
2
What is the units digit of (-561)/(-27) - 10/(-45)?
1
What is the tens digit of -3 + 28/8 + (-21)/(-2)?
1
Let f(l) = l**2 - 2*l - 2. Suppose -v = 1 - 6. Suppose -v*s - 3 = 2*i - 13, 0 = -2*s + 5*i + 33. What is the units digit of f(s)?
6
Suppose -2*t = -0*t - 16. Let d = t + 4. What is the tens digit of d?
1
Suppose -3*h - 24 = -7*h. Let s(d) = d**3 + 5*d**2 + 2*d + 7. Let v be s(-5). Let i = v + h. What is the units digit of i?
3
What is the units digit of -3 + 0 + 88 + 3?
8
Suppose -187 = -5*c - i, -55 = 5*c - i - 248. Let n = -21 + c. What is the units digit of n?
7
Suppose j + 0*j = 5. Suppose -j*k + 10 + 60 = 0. What is the tens digit of k?
1
Let g = -10 + 15. Suppose -5 - 25 = -g*x. What is the units digit of x?
6
Let t(m) = m**2 + 2*m - 9. What is the units digit of t(6)?
9
Let d be 11*-1 - (3 - 2). Let m = d + 28. What is the units digit of m?
6
Suppose 2*u + 2 = 0, -l + 3*u - 2 = -6. Let w be -1 - 1/(l/2). What is the units digit of 2/(-2) + (1 - w)?
3
Let f(v) = v**3 + 11*v**2 + 7*v - 5. What is the tens digit of f(-10)?
2
Let i be 441/(-4) - 5/(-20). What is the tens digit of i/2*(-6)/15?
2
Suppose 5*p = 12 + 93. Let x(d) = -2*d - 2. Let s be x(-4). What is the units digit of -1 + 2/(s/p)?
6
Let o be -66 + 12/4 - 2. What is the tens digit of 2/(-8) - o/4?
1
Let l(g) be the first derivative of 1/3*g**3 - 1 + 1/2*g**2 + g. What is the units digit of l(0)?
1
Suppose -5*b = -2*b - 87. What is the tens digit of b?
2
Let i(t) = 4*t**2 - 2*t + 1. Let y be i(1). Suppose 0 = 8*b - y*b + 2*u - 25, 3*u = -b + 5. What is the units digit of b?
5
Let j(b) = -7*b**2 - 9*b. Let s(r) = r**2 - 1. Let x(w) = j(w) + 6*s(w). Let n be x(-8). Suppose -4 - n = -2*y. What is the units digit of y?
3
Let b = 45 + -24. What is the tens digit of b?
2
Suppose v + 3*v + 78 = -5*x, 0 = -3*x + 4*v - 66. What is the units digit of (-1 - (-3)/9)*x?
2
Suppose 35 + 6 = m. What is the units digit of m?
1
Let n(c) = -c + 8. Let s be n(6). Suppose -5*t = -s*t - 84. What is the tens digit of t?
2
Suppose -3*z = -7*z + 52. Let a be 51/(-7) + (-4)/(-14). Let m = a + z. What is the units digit of m?
6
Let q be (1*-1)/(3/45). What is the units digit of (-5)/q - (-34)/6?
6
Let q = 1 - 3. Let a = q + -4. Let z = a - -13. What is the units digit of z?
7
Suppose 2*m + 2*a - 140 = 0, 4*a - 43 = -2*m + 105. What is the tens digit of m?
6
Suppose 0 - 4 = -4*y. Let a be (-10)/5 + -1 + 6. Suppose 0 = -2*h - 4*t - 8, 2*h - y = a*h + t. What is the units digit of h?
2
Suppose 2*y + 25 = -3*y. Let q(d) = d**3 + 4*d**2 - 12*d. What is the tens digit of q(y)?
3
Suppose -5*o = -3*f - 203, 5*o - 160 = f + 51. What is the units digit of o?
3
Let x be (-1)/(-4) - 686/(-8). Let m = x + -42. What is the units digit of m?
4
Suppose 0*s = 3*s - 6. Suppose -g = 3*t - 10, 0*g - 4*t + 7 = g. Suppose -1 = -o, s*l - 2*o - g = -5. What is the units digit of l?
8
Suppose -5*b - 10 = 0, 3*j = -5*b - 0*b - 4. Suppose j*m = m + 1. What is the units digit of m?
1
Let c = -2 - -5. Let z(v) = -v**3 + 4*v**2 - 4. Let r be z(c). Suppose 0*x - 30 = -r*x. What is the units digit of x?
6
What is the units digit of -24*-1*1/3?
8
Let t(m) = -m**3 + 6*m**2 - 4*m - 3. Let x be t(5). Let j be ((-3)/x)/((-6)/296). Suppose -3*a + p = -26, -28 = 5*a - 3*p - j. What is the units digit of a?
8
Suppose -5*b + 2*p - 6*p + 220 = 0, 5*p - 215 = -5*b. What is the units digit of b?
8
Let t = -9 + 12. Suppose 132 = z + t*z. What is the units digit of z?
3
Let j(n) = n**3 + 3*n**2 + 3*n + 4. What is the units digit of j(3)?
7
Let u = 166 + -27. What is the tens digit of u?
3
Suppose -2*l + 28 = -22. What is the units digit of l?
5
Let a = -8 + 34. What is the units digit of a?
6
Let u(y) = 2*y**2 + y - 4. Let l be u(-2). Suppose 5 = 2*i + 13, -3*i - 48 = -l*z. What is the units digit of z?
8
What is the tens digit of (3 - (-6)/(-3)) + 60/4?
1
Let k = 6 + 8. Suppose 0 = -4*x - 2 + k. What is the units digit of x?
3
Suppose -4*z + 5*x + 865 = 0, x + 845 = -2*z + 6*z. Suppose -4*g = g - z. Suppose 0 = 4*t + s - g, -4*t + 32 = -3*s - s. What is the units digit of t?
0
Suppose y = 2*c + c + 30, y - 34 = 5*c. What is the tens digit of y?
2
Let p = 263 + 45. What is the hundreds digit of p?
3
Let q(f) = -f**3 + 5*f**2 + 6*f - 4. Let d be q(5). Suppose -y + 4*i + d = -i, 3*y = -i + 110. What is the tens digit of y?
3
Suppose a = 4*a + 3. Let y be (33 + -1)*(0 - a). Suppose 5*q - y = q. What is the units digit of q?
8
Let r be -4 + 0/(-2) - -4. Suppose -4*w + r*w + 3*s + 120 = 0, -150 = -5*w - 3*s. What is the units digit of w?
0
Suppose -2*i + 0*r + 4*r = 46, 0 = 2*i + r + 26. Let b = 10 - i. What is the units digit of b?
5
Let d(q) = 2*q + 7 + q**2 + 2*q - 2*q. Let s be d(-5). What is the units digit of (-4)/s + 70/22?
3
Let s(m) be the third derivative of -m**5/30 + m**4/24 + m**3/3 - 2*m**2. Let r be s(-2). Let n = -2 - r. What is the units digit of n?
6
What is the tens digit of ((-2116)/(-6) - -5) + 1/3?
5
Suppose 3*h - 49 = 47. What is the tens digit of 8/4 + h + -3?
3
Let i = 7 + -4. Suppose 8 = 5*g - i*g. Let a = 11 - g. What is the units digit of a?
7
Let g(t) = -t - 5 + 2 + 4. What is the units digit of g(-5)?
6
Let n(o) = o**2 + 9*o - 9. What is the units digit of n(-10)?
1
Let a be 2/21*9*7. Suppose 40 = -2*s + a*s. Let h = -6 + s. What is the units digit of h?
4
Suppose -2 = r - 5. Suppose 0 = -r*s - 5 + 59. What is the tens digit of s?
1
What is the units digit of (-5)/(-2)*264/20?
3
Let v(w) = 22*w + 5. What is the tens digit of v(3)?
7
Suppose -2*l + 72 = -5*l. What is the tens digit of (-7 + 0)*l/7?
2
Let q = -35 + 80. Suppose b + 7 = q. What is the units digit of b?
8
Let j be (-4)/18 - (-370)/45. Suppose -4*k = -2*o - 16, -3*o - j = -5*k + 13. What is the units digit of 21/k + 1 + 2?
0
Let m(p) = 2*p**3 + 2*p. Let r be m(3). Suppose -5*f = 3*y - r, 0*f + 2*f + 2 = 4*y. Suppose -f = -c - 0*c. What is the units digit of c?
9
Suppose 3*h = 5*k - 10*k + 204, 2*h - 3*k = 155. What is the units digit of h?
3
Let f(g) = 28*g**2 + g - 1. What is the units digit of f(-1)?
6
Let r be 2/(-3)*(-3 + 18). Let v = 34 - r. What is the units digit of v?
4
Let o(k) = k**2 + 2*k + 3. Let n be o(-2). Suppose y = -4*c - 44, -6 = c + n*y - 4*y. What is the units digit of ((-2)/(-5))/((-2)/c)?
2
Let y = -5 - 1. Let o be (25/(-15))/((-2)/y). What is the units digit of 2/o + (-294)/(-35)?
8
Let c(i) = i**3 + 11*i**2 - 9*i + 1. What is the hundreds digit of c(-11)?
1
Suppose 282 - 67 = 5*w. What is the units digit of w?
3
Let a(k) = -k - 2. Let c be a(-7). Let h = 28 + c. What is the tens digit of h?
3
Let c be (72/(-21))/(8/(-28)). What is the units digit of (-7)/(-3) + (-16)/c?
1
Let s(q) be the third derivative of q**4/12 + 17*q**3/6 - 5*q**2. What is the tens digit of s(13)?
4
Let f(a) = 2*a**2 - 3*a. Let x = 1 + -4. Let t be f(x). Suppose 5*d = -2*j + 27 - 8, -3*d - t = -2*j. What is the units digit of j?
2
Suppose 0 = 4*d - 3*n - 61 + 2, -4*d